f y and m?
4
Let h be 1 + 35 + (-1)/(-1). Let b be (-2 - -76)*66/132. What is the greatest common factor of h and b?
37
Let z = -43 + 41. Let b be (4*(-21)/(-24))/(z/(-32)). Calculate the greatest common divisor of 8 and b.
8
Suppose -u + 10 = 2*w, -1 + 7 = 2*w - u. Suppose -4*j + 2*j = w*d - 264, 0 = -5*j + d + 682. Calculate the highest common factor of j and 8.
8
Suppose -3*s + 1200 = 4*u, -5*u = -5*s - 2000 + 535. Let g be (-7)/(35/(-135))*(1 - 0). What is the highest common divisor of g and u?
27
Let i(j) be the second derivative of -j**5/20 + j**4/6 + 4*j**3/3 - 3*j**2/2 + 10*j. Let s be i(3). Calculate the highest common divisor of 18 and s.
6
Suppose 3*c = 3*n - 6*n + 72, -3*c = 4*n - 72. Calculate the highest common divisor of 60 and c.
12
Let g(m) = m**3 + 11*m**2 + 9*m - 9. Let n be g(-11). Let i be n/(-8) - (-12)/8. Let k = 3 - -12. Calculate the highest common factor of k and i.
15
Let i be (2440/(-200))/((-1)/5). Calculate the highest common factor of i and 244.
61
Let o = 656 - 425. Calculate the greatest common factor of o and 33.
33
Let r(k) = 7*k**3 + 3*k**2 - 2*k + 2. Let t be r(2). What is the highest common factor of 286 and t?
22
Let w be 1/(1 + (-14)/21) + 37. Calculate the greatest common factor of 88 and w.
8
Suppose -2*b = -5*b - v + 148, -104 = -2*b - 2*v. What is the highest common factor of b and 84?
12
Suppose 0 = -k + 3*k + 18. Let r be ((-16)/(-12))/(6/k). Let z be (-45)/r*120/25. Calculate the greatest common factor of 27 and z.
27
Suppose -3564 - 461 = -35*q. What is the greatest common factor of 5 and q?
5
Suppose 5*w - 565 = -210. Suppose 72*p - 28 = w*p. Calculate the greatest common factor of 4 and p.
4
Let c be (4/8*10)/((-1)/(-4)). Let d(b) = -b**2 - 14*b - 5. Let o be d(-13). What is the highest common factor of c and o?
4
Let w(p) = -p**2 - 5*p + 5. Let m be w(-4). Suppose 0*d + 4*d + 72 = 0. Let b be (-7)/(-2) - (-9)/d. Calculate the greatest common divisor of b and m.
3
Let d be ((-3)/4)/(3/(-12)). Suppose 3*s - 75 = 5*x + 118, 367 = 5*s + d*x. Suppose 4*m - s = 169. Calculate the greatest common divisor of m and 24.
12
Let b = 51 + -25. Let f = b - 14. Calculate the highest common divisor of f and 18.
6
Let t = 1732 - 1316. Calculate the greatest common factor of 156 and t.
52
Suppose -9*w + 132 = -6*w. Calculate the highest common factor of 33 and w.
11
Suppose 7*x = 43 + 48. Calculate the greatest common divisor of 390 and x.
13
Suppose -4*b - 2*n = -70, 2*b - 3*n = 6*b - 69. Let p = -1521 + 1575. Calculate the greatest common factor of p and b.
18
Suppose -47*j = -28*j - 646. Calculate the highest common factor of j and 612.
34
Suppose x + 0*j + 3*j = 42, -5*x + 5*j = -150. Calculate the highest common divisor of 22 and x.
11
Let q(l) = -2*l - 118. Let w be q(0). Let m = -169 - w. Let d = -3 - m. What is the greatest common divisor of d and 6?
6
Suppose 5*n + 994 = 144. Let q be 1*2*(n/4)/(-5). Calculate the greatest common factor of q and 17.
17
Let x(p) = 105*p**2 + 1. Let m be x(1). Suppose m = 2*l - 286. Suppose 1 = -2*y - 9, 4*y = -4*b + l. Calculate the highest common factor of 36 and b.
18
Suppose 235 = -4*p - o, -4*o + 320 = 4*p - 9*p. Let a = p + 64. Calculate the greatest common factor of 10 and a.
2
Suppose -p - 3*s - 190 = -757, 0 = -p - 2*s + 562. Calculate the greatest common factor of p and 46.
46
Let v be (9/(45/10))/(2/253). Calculate the highest common divisor of v and 22.
11
Suppose 73*v - 54987 + 7829 = 0. What is the highest common divisor of v and 34?
34
Let n(p) = 689*p + 0 - 679*p - p**2 + 2. Let f be n(7). What is the greatest common factor of 207 and f?
23
Let a be (-7)/((-14)/20)*1. Let g(j) = -j**2 + 12*j - 15. Let x be g(a). Calculate the greatest common divisor of 5 and x.
5
Suppose -317 - 271 = -14*s. What is the greatest common factor of 28 and s?
14
Let x(m) = -m**3 + 10*m**2 - 15*m + 4. Let b be x(8). Let j be (-42)/(-9) + 4/b. Calculate the greatest common divisor of j and 45.
5
Suppose -71 = -3*u + p, u - 4*u = 5*p - 59. Let g = 27 - u. Suppose -9*x + g*x + 300 = 0. What is the greatest common factor of 20 and x?
20
Let m(y) = -64*y - 105. Let g be m(-6). Calculate the greatest common divisor of 31 and g.
31
Suppose r + 2*x - 126 = 0, -3*r = -2*x - 2*x - 398. Let w be (-15)/25 + (-789)/(-15). Calculate the highest common factor of w and r.
26
Let h(d) = 2 - 4 - 4 - 28*d + 2*d. Let z be h(-4). Calculate the highest common factor of z and 14.
14
Suppose -3*m + 62 = -3*a - 55, -5*m = 3*a - 211. What is the greatest common divisor of 41 and m?
41
Suppose -j - 51 = -2*a, -18*a = -22*a + 3*j + 105. Calculate the highest common factor of 84 and a.
12
Let h = -5 + 177. Suppose 2*l = 184 + h. Suppose l = 5*r + u, 0*r + 3*u = -4*r + 149. Calculate the greatest common factor of r and 14.
7
Let f be (-115)/(-9) - 6/(-27). Let n = -43 - -31. Let b = n + 25. What is the highest common divisor of b and f?
13
Suppose -36*v = -444 - 24. What is the highest common divisor of 2340 and v?
13
Suppose 3*i - 78 = -30. Let u = i - 9. Suppose -2*o + 8 = -d, o + 4*d + u = 29. Calculate the highest common factor of 48 and o.
6
Let s be 3421/55 + (-2)/10. Suppose -2 = -z - 4, -3*g - 3*z = -273. Calculate the greatest common divisor of s and g.
31
Let b be 29 - (0 - -2 - 1). Let m = -282 - -286. What is the highest common factor of b and m?
4
Suppose -5*x + 12 = 5*a - 13, -5*x = -2*a - 25. Suppose 0 = -2*u + 2*j + 28, 2*u - x*u - 3*j = -24. What is the highest common divisor of u and 99?
11
Let n = 16 - 7. Suppose -6*m = -11*m + 10. Let w be m/3 + 14/6. Calculate the highest common divisor of w and n.
3
Suppose 0 = -15*h + 6*h + 3915. Calculate the highest common factor of 30 and h.
15
Suppose a = 4*f - 283, -4*a - 268 = -2*f - 2*f. Let x be (-6)/33 - f/(-33). Let y be (0 - x) + 128/1. Calculate the greatest common factor of 18 and y.
18
Let m = 32 + -28. Let j be 3 - (m + 2*-33). Calculate the greatest common divisor of 26 and j.
13
Let j = 245 + -222. Calculate the greatest common divisor of j and 23.
23
Let y(k) = -59*k - 448. Let j be y(-8). Let p = 27 - 15. Calculate the highest common divisor of p and j.
12
Let t = -195 - -221. What is the greatest common divisor of t and 169?
13
Let d(g) = 18*g - 322. Let p be d(49). Calculate the highest common divisor of p and 100.
20
Let n be 2 - ((-2)/(-8) + (-6)/(-8)). Let z(g) = 12*g - 2. Let i be z(n). Calculate the highest common divisor of i and 2.
2
Suppose 32 - 11 = 5*z - 4*f, 0 = -z + 4*f + 1. Suppose 3*a + z*x = 76, -a + 4*a + x = 68. What is the highest common factor of a and 11?
11
Suppose -2*o + 328 = 4*w, -5*o - 35*w = -32*w - 785. What is the highest common factor of o and 66?
22
Let m be 20/50 - 4556/(-10). Suppose 4*o = -5*q + 723, -4*o - o - m = -3*q. Calculate the greatest common divisor of q and 21.
21
Let q(n) = 5*n**2 - 2*n + 1. Let r be q(1). Let a(z) = 4*z - 6. Let s be a(5). Let t = s + -8. Calculate the greatest common factor of t and r.
2
Let l be (-2)/5 - 192/(-80). Suppose l*s = -3*u + 4, 13 - 4 = 5*u + s. Let x be 1 + -1 - (-5 + -1). What is the greatest common factor of u and x?
2
Let q(p) = p**3 + p**2 - 3*p + 1. Let h be q(2). Suppose 4*g + r = -18, -2*g - r + 12 = -4*g. Let w = h + g. What is the greatest common divisor of 8 and w?
2
Let t = -3 - -6. Let b be (-18)/(-99) + (-62)/(-22). Suppose 75 = 2*f + b*f. What is the highest common factor of t and f?
3
Let c(n) = -n**2 - 76*n - 345. Let p be c(-70). What is the greatest common factor of 25 and p?
25
Suppose 0 = 15*b + 6*b - 42. Suppose z + 2*z = 4*p, 2*p - b = z. Suppose -r = -6*r + 20. What is the highest common divisor of z and r?
4
Let q(j) be the first derivative of 2*j**3/3 - 2*j + 2. Let n be q(-4). Let b be 21/(-14) - 30/(-4). What is the highest common factor of b and n?
6
Let a(t) = -40*t - 440. Let n be a(-13). Calculate the greatest common divisor of 208 and n.
16
Suppose 0*i + 3*i - 150 = 0. Let w(v) = -17*v**2 - 154*v + 1. Let o be w(-9). What is the greatest common factor of o and i?
10
Let i be (0 - 0) + -1 - -7. Suppose -58*m + 54*m = -12. Suppose -9*h + m = -78. Calculate the highest common divisor of i and h.
3
Suppose 5*m = -0 + 55. Let f(j) = j**2 + 4*j - 10. Let c be (-4)/(-8) - (-51)/(-6). Let w be f(c). What is the highest common f